5 - -283. Let s = 147 + i. Let z(l) = -l**2 - 2*l - 4. Calculate z(s).
-19
Let y(j) = -7*j + 24. Let q(g) = 19*g - 71. Let m be (-140)/(-18) - (42/54 + -1). Let v(b) = m*y(b) + 3*q(b). What is v(15)?
-6
Suppose -5*z + 3*p = 11, 5*z - 4*p + 7 + 6 = 0. Let b be (53 + -55)*z*3/(-2). Let n(u) = 5*u**2. Determine n(b).
45
Let r(u) = 2*u**3 - u**3 + 4 - u + 2*u + 6*u**2. Let x be r(-6). Let j(a) = -5*a - 1. Determine j(x).
9
Suppose 72*v - w + 3 = 69*v, -w + 3 = -4*v. Let f(p) be the second derivative of 0*p**4 + 1/10*p**5 + 23*p + v + 2/3*p**3 + 3/2*p**2. What is f(-2)?
-21
Suppose 0 = 20*u - 16*u + 3*i + 27, -5*u - 3*i - 33 = 0. Let o(l) = 55*l + 328. What is o(u)?
-2
Let j(k) be the first derivative of -4*k - 3/2*k**2 + 124 + 2/3*k**3. What is j(3)?
5
Suppose -3 = -5*g + 7. Suppose 6*k - 409 + 397 = 0. Suppose k*v + 4*s = -14, -5*v + s = -g*v + 14. Let h(l) = l**3 + 6*l**2 + 4*l - 4. Determine h(v).
1
Let w be -2 + -2*4/(-4). Suppose 0 = y + 2*p - 31, 2*p + w*p - 62 = -2*y. Let c = y - 30. Let m(k) = k**2 + k. Calculate m(c).
2
Let z(h) = h**2 + 6*h - 1. Let x(j) = -3*j**2 - 11*j + 2. Let v(b) = -6*x(b) - 11*z(b). Let s(u) = -12*u**2 + 253*u - 20. Let n be s(21). Determine v(n).
6
Let u(i) = 7 - 2509*i**2 - 2468*i**2 + i**3 + 4963*i**2. Determine u(14).
7
Let t(l) = -258*l - 2051. Let m be t(-8). Let o(u) = -u**2 + 9*u + 56. Calculate o(m).
4
Let k(p) = 5*p**2 + 4 - 4*p**2 + p - 2*p**2. Let n(y) = -y**2 + 19*y - 30. Let j be n(17). Suppose j = -2*s - 2*v, 10*s + v + 2 = 5*s. Determine k(s).
4
Suppose 0 = -0*x - x - 5*b + 23, 16 = 4*x + b. Suppose x*p + 4*d - 1 = -17, 2*p = d - 7. Let k(v) be the second derivative of v**3/6 - v. Determine k(p).
-4
Suppose 2*t - s = 4*s + 6, 0 = -2*t + s - 2. Let a(x) be the second derivative of x**5/20 - x**4/4 - x**3/2 + 9809*x. What is a(t)?
-14
Let r(i) = 26*i**3 - 11*i**3 + 147 - 70 - 62 - 37*i + 2*i**2 - 14*i**3. Calculate r(5).
5
Let f(i) be the first derivative of -i**4/4 + 5*i**3/3 + 2*i**2 + 5*i + 130. Let m(t) = 2 + 10*t - 2*t - 2 - 1 - t**2. Let r be m(7). Determine f(r).
-7
Let s(g) = -295*g + 9*g**2 + 887*g - 5 - 289*g - 288*g + g**3. Give s(-5).
20
Let d(h) = -h - 8. Let p(t) = -5*t - 40. Let i(c) = -11*d(c) + 2*p(c). Let w = 2412 + -2419. Determine i(w).
1
Suppose -17 + 6 = -11*z. Let y be -2 + (-84)/(-6 - z). Let c(s) = s**2 - 11*s + 8. Give c(y).
-2
Let q = 20 - 9. Let m(c) = 7*c**3 - 59*c**2 - 7*c + 7. Let l(u) = -13*u**3 + 110*u**2 + 13*u - 13. Let f(i) = -6*l(i) - 11*m(i). Calculate f(q).
-10
Suppose -5*s = 1 - 16. Suppose -s*n - m = -5, 0*m = 2*m + 2. Let r(w) = -4 + 10*w + n - 17*w. Give r(2).
-16
Suppose 2*v = 2*q + 20 - 24, v - 5*q = -10. Let j(i) = i + 38. Determine j(v).
38
Let h be (96/(-60))/(56/(-105) + (-2)/(-6)). Let v(j) = -j**3 + 6*j**2 + 13*j - 10. Give v(h).
-34
Let m(n) = -11 + 68 - n - 18 + 0*n - 3. Determine m(38).
-2
Let s(l) = -17*l + 10. Let i(o) = 8*o - 5. Let j(p) = -13*i(p) - 6*s(p). Suppose -4*v = -3*v - 2. Suppose b - 2*b - 15 = 4*h, -v*b + 6 = -h. Give j(h).
13
Let v(j) = 223*j - 10. Let q(d) = 422*d - 19. Let b(c) = 8*q(c) - 15*v(c). Give b(-2).
-64
Let j(h) = 4*h - 8. Let t be j(5). Suppose 42 = -5*d + t. Let i(m) = 29*m + 6 + 0*m**2 + m**2 - 23*m. Determine i(d).
6
Let m(v) = 17*v**3 - 70*v**2 + 3*v - 16. Let q(t) = 17*t**3 - 76*t**2 + 3*t - 17. Let i(d) = -13*m(d) + 12*q(d). Give i(1).
-18
Let b = 673 + -475. Let p = b + -201. Let x(d) = d + 8. What is x(p)?
5
Let t(n) = -n + 17. Suppose -4*p = -2*u - 2, 0 = -8*u + 10*u + 2*p - 4. Let h be 2 + u/(-5 - 112/(-22)). What is t(h)?
4
Let s(m) = -10*m**2 - 12*m. Let a(j) = 7*j**2 + 8*j. Let x(w) = 7*a(w) + 5*s(w). Suppose -150 = -62*q - 460. Calculate x(q).
-5
Let h(q) = 3*q. Let c(g) = -2*g**2 + 15*g - 3. Let p(k) = c(k) - 3*h(k). Calculate p(7).
-59
Suppose -1 = -f, -p - 4*f = 4 - 8. Suppose 0 = -0*x + x + 3. Let b(j) = -j**2 + j - 1. Let a(t) = 2*t**2 - 3*t + 9. Let k(u) = x*b(u) - a(u). Calculate k(p).
-6
Let y(k) = 8*k**3 + 4*k - 10*k**3 - 4 + 3*k**3 + 5*k**2. Let f be 4/(1*(-9 + 8)). Give y(f).
-4
Let c(u) be the first derivative of u**2 - 8*u - 992. Determine c(14).
20
Suppose -5*l = -4*z - 0*l - 15, 3*z = -l + 3. Let j(h) = 13 + z + 1501*h - 1502*h. Give j(9).
4
Let g(q) = 17*q + 3. Let s(h) = -31*h - 5. Let i be 90/(-27) + 2/(-3). Let v(a) = i*s(a) - 7*g(a). Calculate v(5).
24
Let b be 10/85 + (-5316)/102. Let r be b/6 + (-6)/(-9). Let j(m) = -m**2 - 8*m + 4. Give j(r).
4
Let i(v) be the second derivative of v**4/12 - v**3/6 - 3*v**2/2 + 2757*v. Calculate i(-6).
39
Let v be 0/(-5) + (2 - -1). Let i(m) = 4*m**2 + 4*m + 11. Let u(l) = -l**2 - 2. Let y(x) = -i(x) - 6*u(x). What is y(v)?
7
Let t(h) = -h**2 - 4*h + 7. Let m(x) = -3*x**3 + x**2 + 7. Let z(w) = w**3 - w**2 - w. Let s(d) = -m(d) - 2*z(d). Let l be s(0). Give t(l).
-14
Let p(o) = -2*o**2 - 2*o + 27. Let y be p(-4). Let m(d) = -6*d**2 + 3*d**2 + 3*d**2 - y*d - 3 - 3*d**2. What is m(-2)?
-9
Let y(a) = -a**2 + 2*a + 6. Let i be y(4). Let f = i - -1. Let x(g) = -g**3 - 5*g**2 + 7*g - 5. Let u(j) = j - 1. Let v(p) = f*x(p) + 2*u(p). Determine v(-6).
-3
Let q(g) = 4*g + 10. Let i be q(3). Suppose -6*x = -i*x - 112. Let z(w) = w + 2. Give z(x).
-5
Let s(j) = 3*j - 5. Let y be s(3). Let m(a) = -15*a + 28*a - y*a - 8*a + 8. Let p(d) = d + 8. Let r(i) = -5*m(i) + 6*p(i). Give r(-6).
2
Let s = 4284 - 4286. Let o(p) = -2*p**2 + p. Give o(s).
-10
Let w(n) be the first derivative of n**3/3 - 17*n**2/2 - 43*n + 2799. Calculate w(20).
17
Let x be 1 + (-11)/13 + ((-50)/65)/5. Let b(i) be the second derivative of -17*i - 7/2*i**2 - 1/6*i**3 + x. Give b(0).
-7
Let w(a) = a**3 - 3*a**2 + 3*a - 5. Let j be 304/96 + 4/(72/15). What is w(j)?
23
Let m(g) = 8*g + 16. Let x(a) = -3*a - 5. Let f(z) = -4*m(z) - 11*x(z). Suppose -449*c + 444*c = 6*k - 36, -24 = -4*k - c. Give f(k).
-3
Let i = -6 - -8. Suppose i*z = -0*z. Let y(n) = -211937555 + 211937555 + n**2. Determine y(z).
0
Let w(i) = -31*i + 24 + 38*i - 12 - 11. Let x be 1*2/(-4)*2. Determine w(x).
-6
Suppose 3 = -w + 1. Let t(h) be the first derivative of 29 + 66*h + 6*h**2 - 3*h**2 - 67*h. Give t(w).
-13
Let r(y) = -20*y**2 + 11*y - 18. Let s(p) be the second derivative of -3*p**4/4 + p**3 - 9*p**2/2 + 54*p. Let l(i) = -4*r(i) + 9*s(i). Determine l(6).
15
Let c be (-1040)/(-112) - 2/7. Let a(p) = -8*p - c*p - 8 + 22*p - 4*p. What is a(-8)?
-16
Let u(z) = -8*z**3 - z**2 - 6. Suppose -b + 3*f + 4 = -11, 4*f = 2*b - 24. Let s(a) = -8*a**3 - a**2 - 5. Let p(m) = b*s(m) - 5*u(m). What is p(1)?
-9
Let a be 7/7 + (-6)/(-1) - 5. Suppose 4*y - 3 = a*j - 3*j, 2*j - 3*y + 5 = 0. Let m(z) = -6*z - 1. Determine m(j).
5
Let j(l) = l**2 - 12*l - 24. Let i be j(14). Suppose i = 5*s - s. Let q(v) = -5 + v**2 + 4 + s. Calculate q(-1).
1
Let i(n) be the second derivative of n**6/360 - 7*n**5/120 - 7*n**4/24 + 4*n**3/3 + 2*n**2 + 6*n + 5. Let o(p) be the second derivative of i(p). Determine o(9).
11
Let y(s) = s + 4. Let k(d) be the third derivative of 0*d**4 + 0 + 0*d + 1/40*d**6 - 1/2*d**3 + 1/12*d**5 + 29*d**2. Let j be k(-2). Calculate y(j).
-3
Let w be (-6)/(-8)*4*1. Let r(l) = 6 + 6820*l + 6797*l - 5 - 13612*l - 1. Give r(w).
15
Let f(y) = -y**3 + 33*y**2 - 2*y + 66. Suppose -5*z = -t - 140 - 22, -4*z = 3*t - 141. Give f(z).
0
Let v(d) = -d**2 + 6*d + 18. Suppose -2*b + 5*b - 7 = 4*h, -b - 3*h - 2 = 0. Let x(l) = 8*l**3 - 36*l + 36. Let o be x(b). Give v(o).
2
Let b(w) = -5*w**2 - 40*w - 41*w - 9 + 130*w + 3*w**3 - 43*w - 2*w**3. What is b(2)?
-9
Let m(b) = -2*b - 2. Let w be m(-5). Suppose 2*t = w - 4. Suppose -5*g = -g - t*g. Let j(y) = y**3 + y - 7. Determine j(g).
-7
Let d(c) = -c**3 + 3*c**2 + 3*c - 1. Let j = 34 - 14. Let s = -206 + 215. Suppose -s*v + j = -4*v. Give d(v).
-5
Let f(z) = z**3 - 2*z**2 - 14*z - 4. Suppose -42*r + 35*r + 35 = 0. Let d be f(r). Let n(u) = -24*u**2 - 1. What is n(d)?
-25
Let h(r) = -25 + 0*r + 6*r - 5*r + 6*r. Let l be h(4). Suppose 0 = 12*i - l*i - 63. Let z(p) = p**3 - 8*p**2 + 7*p - 8. Determine z(i).
-8
Let t(u) = 4*u + 1. Let x(w) = -4*w - 1. Let g(s) = 5*t(s) + 6*x(s). Suppose 26 + 74 = -50*z. Let d be g(z). Let y(p) = p**3 - 7*p**2 - 1. Calculate y(d).
-1
Let v(n) be the first derivative of 53 - 2*n + 1/3*n**3 - 3/2*n**2. Give v(5).
8
Let h(v) = 2*v + 9 - 197*v**2 + 195*v**2 - 6*v + 1 - 2. 